{"id":808,"date":"2025-02-19T14:18:42","date_gmt":"2025-02-19T14:18:42","guid":{"rendered":"https:\/\/digital.eca.ed.ac.uk\/weekofsound\/?page_id=808"},"modified":"2025-02-19T14:24:05","modified_gmt":"2025-02-19T14:24:05","slug":"seachdain-fuaim-unesco-ann-an-dun-eideann","status":"publish","type":"page","link":"https:\/\/digital.eca.ed.ac.uk\/weekofsound\/seachdain-fuaim-unesco-ann-an-dun-eideann\/","title":{"rendered":"Seachdain Fuaim UNESCO ann an D\u00f9n \u00c8ideann"},"content":{"rendered":"\n<p>That&#8217;s Gaelic for &#8220;UNESCO Week of Sound at Edinburgh&#8221;. Thanks (<em>m\u00f2ran taing<\/em>) to Isla Parker, Gaelic Officer at the University of Edinburgh (<em>Oilthigh Dh\u00f9n \u00c8ideann<\/em>) for the translation, and pronunciation guide!<\/p>\n\n\n\n<figure class=\"wp-block-audio\"><audio controls src=\"https:\/\/digital.eca.ed.ac.uk\/weekofsound\/files\/2025\/02\/Seachdain-Fuaim-UNESCO.wav\"><\/audio><\/figure>\n\n\n\n<p><\/p>\n\n\n\n<p>More about Gaelic at the University of Edinburgh <a href=\"https:\/\/gaelic.ed.ac.uk\/\" data-type=\"link\" data-id=\"https:\/\/gaelic.ed.ac.uk\/\">here<\/a>. <\/p>\n","protected":false},"excerpt":{"rendered":"<p>That&#8217;s Gaelic for &#8220;UNESCO Week of Sound at Edinburgh&#8221;. Thanks (m\u00f2ran taing) to Isla Parker, Gaelic Officer at the University of Edinburgh (Oilthigh Dh\u00f9n \u00c8ideann) for the translation, and pronunciation guide! More about Gaelic at the University of Edinburgh here.<\/p>\n","protected":false},"author":255,"featured_media":0,"parent":0,"menu_order":2,"comment_status":"closed","ping_status":"closed","template":"","meta":{"footnotes":""},"acf":[],"_links":{"self":[{"href":"https:\/\/digital.eca.ed.ac.uk\/weekofsound\/wp-json\/wp\/v2\/pages\/808"}],"collection":[{"href":"https:\/\/digital.eca.ed.ac.uk\/weekofsound\/wp-json\/wp\/v2\/pages"}],"about":[{"href":"https:\/\/digital.eca.ed.ac.uk\/weekofsound\/wp-json\/wp\/v2\/types\/page"}],"author":[{"embeddable":true,"href":"https:\/\/digital.eca.ed.ac.uk\/weekofsound\/wp-json\/wp\/v2\/users\/255"}],"replies":[{"embeddable":true,"href":"https:\/\/digital.eca.ed.ac.uk\/weekofsound\/wp-json\/wp\/v2\/comments?post=808"}],"version-history":[{"count":2,"href":"https:\/\/digital.eca.ed.ac.uk\/weekofsound\/wp-json\/wp\/v2\/pages\/808\/revisions"}],"predecessor-version":[{"id":812,"href":"https:\/\/digital.eca.ed.ac.uk\/weekofsound\/wp-json\/wp\/v2\/pages\/808\/revisions\/812"}],"wp:attachment":[{"href":"https:\/\/digital.eca.ed.ac.uk\/weekofsound\/wp-json\/wp\/v2\/media?parent=808"}],"curies":[{"name":"wp","href":"https:\/\/api.w.org\/{rel}","templated":true}]}}